{"id":6015,"date":"2023-03-03T22:05:45","date_gmt":"2023-03-03T22:05:45","guid":{"rendered":"https:\/\/mundodelcafe.com.pe\/?page_id=6015"},"modified":"2023-03-03T22:05:45","modified_gmt":"2023-03-03T22:05:45","slug":"politica-de-cambios-y-devoluciones","status":"publish","type":"page","link":"https:\/\/mundodelcafe.com.pe\/index.php\/politica-de-cambios-y-devoluciones\/","title":{"rendered":"Pol\u00edtica de cambios y devoluciones"},"content":{"rendered":"\n<p><strong>Cancelaci\u00f3n de compra<\/strong><\/p>\n\n\n\n<p>El usuario podr\u00e1 cancelar una orden de compra siempre y cuando \u00e9sta no haya sido a\u00fan despachada, en cuyo caso deber\u00e1 ponerse en contacto con Mundo del Caf\u00e9 indefectiblemente dentro de las 24 horas de realizada la compra a trav\u00e9s del website. Una vez despachada la mercader\u00eda no se admitir\u00e1 ninguna cancelaci\u00f3n de compra.<\/p>\n\n\n\n<p><strong>Cambios<\/strong><\/p>\n\n\n\n<p>Todas las compras online tienen cambio, a menos que se indique expresamente lo contrario.&nbsp; Por cuestiones de higiene personal no se realizan cambios de paquetes abiertos o ya utilizados, salvo aquellos casos donde el producto no haya sido el que compr\u00f3.<\/p>\n\n\n\n<p>Para realizar el cambio podr\u00e1s optar por las siguientes modalidades:<\/p>\n\n\n\n<p><strong>I. Tiendas f\u00edsicas<\/strong><\/p>\n\n\n\n<p>El producto deber\u00e1 ser presentado en las mismas condiciones en que fue entregado, en su packaging original y acompa\u00f1ando la factura de compra. El valor del producto a cambiar ser\u00e1 considerado por lo abonado originalmente si este producto estaba en promoci\u00f3n caso contrario ser\u00e1 el precio actualizado a la fecha.<\/p>\n\n\n\n<p><strong>II. Tienda Online<\/strong><\/p>\n\n\n\n<p>Todas las compras tienen contemplado la posibilidad de un cambio y solo en este caso la log\u00edstica de retorno y el nuevo env\u00edo estar\u00e1n a cargo de Mundo del Caf\u00e9&nbsp; En caso de necesitar realizar la operaci\u00f3n de cambio nuevamente los costos de retiro y nuevo env\u00edo estar\u00e1n a cargo del cliente.<\/p>\n\n\n\n<p>Para hacerlo efectivo deber\u00e1 comunicarse mediante formulario de contacto o tel\u00e9fonos informados en este website con nuestro departamento de atenci\u00f3n al cliente para coordinar el proceso.&nbsp; Las solicitudes de cambio son aceptadas dentro de los 5 d\u00edas de recibido el producto.<\/p>\n\n\n\n<p><strong>Devoluciones<\/strong><\/p>\n\n\n\n<p>En caso de devoluciones, el cliente deber\u00e1 seguir la misma metodolog\u00eda que para los cambios.&nbsp; Las compras, tendr\u00e1n devoluci\u00f3n de dinero en efectivo o por Mercado Pago, seg\u00fan la compra sea en online o en f\u00edsico. O la disponibilidad de parte de Mundo del Caf\u00e9<\/p>\n","protected":false},"excerpt":{"rendered":"<p>Cancelaci\u00f3n de compra El usuario podr\u00e1 cancelar una orden de compra siempre y cuando \u00e9sta no haya sido a\u00fan despachada, en cuyo caso deber\u00e1 ponerse en contacto con Mundo del Caf\u00e9 indefectiblemente dentro de las 24 horas de realizada la &hellip; <a href=\"https:\/\/mundodelcafe.com.pe\/index.php\/politica-de-cambios-y-devoluciones\/\">Readmore<\/a><\/p>\n","protected":false},"author":1,"featured_media":0,"parent":0,"menu_order":0,"comment_status":"closed","ping_status":"closed","template":"","meta":{"footnotes":""},"class_list":["post-6015","page","type-page","status-publish","hentry"],"_links":{"self":[{"href":"https:\/\/mundodelcafe.com.pe\/index.php\/wp-json\/wp\/v2\/pages\/6015","targetHints":{"allow":["GET"]}}],"collection":[{"href":"https:\/\/mundodelcafe.com.pe\/index.php\/wp-json\/wp\/v2\/pages"}],"about":[{"href":"https:\/\/mundodelcafe.com.pe\/index.php\/wp-json\/wp\/v2\/types\/page"}],"author":[{"embeddable":true,"href":"https:\/\/mundodelcafe.com.pe\/index.php\/wp-json\/wp\/v2\/users\/1"}],"replies":[{"embeddable":true,"href":"https:\/\/mundodelcafe.com.pe\/index.php\/wp-json\/wp\/v2\/comments?post=6015"}],"version-history":[{"count":1,"href":"https:\/\/mundodelcafe.com.pe\/index.php\/wp-json\/wp\/v2\/pages\/6015\/revisions"}],"predecessor-version":[{"id":6017,"href":"https:\/\/mundodelcafe.com.pe\/index.php\/wp-json\/wp\/v2\/pages\/6015\/revisions\/6017"}],"wp:attachment":[{"href":"https:\/\/mundodelcafe.com.pe\/index.php\/wp-json\/wp\/v2\/media?parent=6015"}],"curies":[{"name":"wp","href":"https:\/\/api.w.org\/{rel}","templated":true}]}}