{"id":6369,"date":"2023-06-15T16:11:33","date_gmt":"2023-06-15T16:11:33","guid":{"rendered":"https:\/\/mundodelcafe.com.pe\/?page_id=6369"},"modified":"2024-04-12T06:21:47","modified_gmt":"2024-04-12T06:21:47","slug":"elementor-6369","status":"publish","type":"page","link":"https:\/\/mundodelcafe.com.pe\/index.php\/elementor-6369\/","title":{"rendered":"Elementor #6369"},"content":{"rendered":"\t\t<div data-elementor-type=\"wp-page\" data-elementor-id=\"6369\" class=\"elementor elementor-6369\">\n\t\t\t\t\t\t\t\t\t<section class=\"elementor-section elementor-top-section elementor-element elementor-element-d2fcfd1 elementor-section-boxed elementor-section-height-default elementor-section-height-default\" data-id=\"d2fcfd1\" data-element_type=\"section\">\n\t\t\t\t\t\t<div class=\"elementor-container elementor-column-gap-wide\">\n\t\t\t\t\t<div class=\"elementor-column elementor-col-100 elementor-top-column elementor-element elementor-element-8d0a686\" data-id=\"8d0a686\" data-element_type=\"column\">\n\t\t\t<div class=\"elementor-widget-wrap elementor-element-populated\">\n\t\t\t\t\t\t\t\t<section class=\"elementor-section elementor-inner-section elementor-element elementor-element-65abc74 elementor-section-boxed elementor-section-height-default elementor-section-height-default\" data-id=\"65abc74\" data-element_type=\"section\">\n\t\t\t\t\t\t<div class=\"elementor-container elementor-column-gap-default\">\n\t\t\t\t\t<div class=\"elementor-column elementor-col-50 elementor-inner-column elementor-element elementor-element-3314563\" data-id=\"3314563\" data-element_type=\"column\">\n\t\t\t<div class=\"elementor-widget-wrap elementor-element-populated\">\n\t\t\t\t\t\t\t\t<div class=\"elementor-element elementor-element-944d744 elementor-widget elementor-widget-heading\" data-id=\"944d744\" data-element_type=\"widget\" data-widget_type=\"heading.default\">\n\t\t\t\t<div class=\"elementor-widget-container\">\n\t\t\t<style>\/*! elementor - v3.11.2 - 22-02-2023 *\/\n.elementor-heading-title{padding:0;margin:0;line-height:1}.elementor-widget-heading .elementor-heading-title[class*=elementor-size-]>a{color:inherit;font-size:inherit;line-height:inherit}.elementor-widget-heading .elementor-heading-title.elementor-size-small{font-size:15px}.elementor-widget-heading .elementor-heading-title.elementor-size-medium{font-size:19px}.elementor-widget-heading .elementor-heading-title.elementor-size-large{font-size:29px}.elementor-widget-heading .elementor-heading-title.elementor-size-xl{font-size:39px}.elementor-widget-heading .elementor-heading-title.elementor-size-xxl{font-size:59px}<\/style><h2 class=\"elementor-heading-title elementor-size-default\">SOBRE NOSOTROS<\/h2>\t\t<\/div>\n\t\t\t\t<\/div>\n\t\t\t\t<div class=\"elementor-element elementor-element-eda9828 elementor-widget elementor-widget-text-editor\" data-id=\"eda9828\" data-element_type=\"widget\" data-widget_type=\"text-editor.default\">\n\t\t\t\t<div class=\"elementor-widget-container\">\n\t\t\t<style>\/*! elementor - v3.11.2 - 22-02-2023 *\/\n.elementor-widget-text-editor.elementor-drop-cap-view-stacked .elementor-drop-cap{background-color:#818a91;color:#fff}.elementor-widget-text-editor.elementor-drop-cap-view-framed .elementor-drop-cap{color:#818a91;border:3px solid;background-color:transparent}.elementor-widget-text-editor:not(.elementor-drop-cap-view-default) .elementor-drop-cap{margin-top:8px}.elementor-widget-text-editor:not(.elementor-drop-cap-view-default) .elementor-drop-cap-letter{width:1em;height:1em}.elementor-widget-text-editor .elementor-drop-cap{float:left;text-align:center;line-height:1;font-size:50px}.elementor-widget-text-editor .elementor-drop-cap-letter{display:inline-block}<\/style>\t\t\t\t<h4>Somos Mundo del Caf\u00e9, una empresa que reconoce la ardua labor de las familias productoras de verdaderos caf\u00e9s de especialidad, pretendiendo construir los caf\u00e9s de origen de todas las regiones del Per\u00fa; promoviendo la cultura cafetera en nuestro pa\u00eds. Cada grano de caf\u00e9 es la expresi\u00f3n del lugar de su origen y las personas que intervinieron en cada etapa de su desarrollo y producci\u00f3n.<\/h4><h4>Cada Grano representa esfuerzo, tradici\u00f3n y el verdadero origen de Esquilaya.<\/h4><p><span style=\"color: var( --e-global-color-text ); font-family: var( --e-global-typography-text-font-family ), Sans-serif;\"><b>\u00a0<\/b><\/span><\/p>\t\t\t\t\t\t<\/div>\n\t\t\t\t<\/div>\n\t\t\t\t<div class=\"elementor-element elementor-element-44dc33c elementor-widget elementor-widget-heading\" data-id=\"44dc33c\" data-element_type=\"widget\" data-widget_type=\"heading.default\">\n\t\t\t\t<div class=\"elementor-widget-container\">\n\t\t\t<h2 class=\"elementor-heading-title elementor-size-default\">MISI\u00d3N<\/h2>\t\t<\/div>\n\t\t\t\t<\/div>\n\t\t\t\t<div class=\"elementor-element elementor-element-5542440 elementor-widget elementor-widget-text-editor\" data-id=\"5542440\" data-element_type=\"widget\" data-widget_type=\"text-editor.default\">\n\t\t\t\t<div class=\"elementor-widget-container\">\n\t\t\t\t\t\t\t<h4>En nuestra empresa dedicada al rubro del caf\u00e9, nos comprometemos a proporcionar a nuestros clientes una experiencia excepcional de caf\u00e9 org\u00e1nico. Trabajamos en estrecha colaboraci\u00f3n con apasionados caficultores que cultivan nuestros granos de caf\u00e9 de manera sostenible, utilizando m\u00e9todos respetuosos con el medio ambiente y sin el uso de productos qu\u00edmicos nocivos.<\/h4>\t\t\t\t\t\t<\/div>\n\t\t\t\t<\/div>\n\t\t\t\t<div class=\"elementor-element elementor-element-3591e3e elementor-widget elementor-widget-heading\" data-id=\"3591e3e\" data-element_type=\"widget\" data-widget_type=\"heading.default\">\n\t\t\t\t<div class=\"elementor-widget-container\">\n\t\t\t<h2 class=\"elementor-heading-title elementor-size-default\">VISI\u00d3N<\/h2>\t\t<\/div>\n\t\t\t\t<\/div>\n\t\t\t\t<div class=\"elementor-element elementor-element-26af691 elementor-widget elementor-widget-text-editor\" data-id=\"26af691\" data-element_type=\"widget\" data-widget_type=\"text-editor.default\">\n\t\t\t\t<div class=\"elementor-widget-container\">\n\t\t\t\t\t\t\t<h4>Convertirnos en l\u00edderes reconocidos en la industria del caf\u00e9 org\u00e1nico. Nos esforzamos por ser una empresa innovadora y respetuosa con el medio ambiente, marcando la pauta en t\u00e9rminos de calidad y sostenibilidad.<\/h4>\t\t\t\t\t\t<\/div>\n\t\t\t\t<\/div>\n\t\t\t\t\t<\/div>\n\t\t<\/div>\n\t\t\t\t<div class=\"elementor-column elementor-col-50 elementor-inner-column elementor-element elementor-element-e0cf082\" data-id=\"e0cf082\" data-element_type=\"column\">\n\t\t\t<div class=\"elementor-widget-wrap elementor-element-populated\">\n\t\t\t\t\t\t\t\t<div class=\"elementor-element elementor-element-f3cddbf elementor-widget__width-auto elementor-fixed elementor-widget elementor-widget-image\" data-id=\"f3cddbf\" data-element_type=\"widget\" data-settings=\"{&quot;_position&quot;:&quot;fixed&quot;}\" data-widget_type=\"image.default\">\n\t\t\t\t<div class=\"elementor-widget-container\">\n\t\t\t<style>\/*! elementor - v3.11.2 - 22-02-2023 *\/\n.elementor-widget-image{text-align:center}.elementor-widget-image a{display:inline-block}.elementor-widget-image a img[src$=\".svg\"]{width:48px}.elementor-widget-image img{vertical-align:middle;display:inline-block}<\/style>\t\t\t\t\t\t\t\t\t\t\t\t<img loading=\"lazy\" decoding=\"async\" width=\"600\" height=\"900\" src=\"https:\/\/mundodelcafe.com.pe\/wp-content\/uploads\/2023\/06\/template.png\" class=\"attachment-large size-large wp-image-6271\" alt=\"\" srcset=\"https:\/\/mundodelcafe.com.pe\/wp-content\/uploads\/2023\/06\/template.png 600w, https:\/\/mundodelcafe.com.pe\/wp-content\/uploads\/2023\/06\/template-200x300.png 200w\" sizes=\"auto, (max-width: 600px) 100vw, 600px\" \/>\t\t\t\t\t\t\t\t\t\t\t\t\t\t\t<\/div>\n\t\t\t\t<\/div>\n\t\t\t\t\t<\/div>\n\t\t<\/div>\n\t\t\t\t\t\t\t<\/div>\n\t\t<\/section>\n\t\t\t\t\t<\/div>\n\t\t<\/div>\n\t\t\t\t\t\t\t<\/div>\n\t\t<\/section>\n\t\t\t\t<section class=\"elementor-section elementor-top-section elementor-element elementor-element-ee8fe44 elementor-section-boxed elementor-section-height-default elementor-section-height-default\" data-id=\"ee8fe44\" data-element_type=\"section\">\n\t\t\t\t\t\t<div class=\"elementor-container elementor-column-gap-default\">\n\t\t\t\t\t<div class=\"elementor-column elementor-col-25 elementor-top-column elementor-element elementor-element-295b056\" data-id=\"295b056\" data-element_type=\"column\">\n\t\t\t<div class=\"elementor-widget-wrap elementor-element-populated\">\n\t\t\t\t\t\t\t\t<div class=\"elementor-element elementor-element-7ce04f4 elementor-widget elementor-widget-image\" data-id=\"7ce04f4\" data-element_type=\"widget\" data-widget_type=\"image.default\">\n\t\t\t\t<div class=\"elementor-widget-container\">\n\t\t\t\t\t\t\t\t\t\t\t\t\t\t\t<img loading=\"lazy\" decoding=\"async\" width=\"150\" height=\"150\" src=\"https:\/\/mundodelcafe.com.pe\/wp-content\/uploads\/2023\/03\/7df9ba13-34cb-4456-be24-4dc612a284ce-150x150.jpg\" class=\"attachment-thumbnail size-thumbnail wp-image-6174\" alt=\"\" srcset=\"https:\/\/mundodelcafe.com.pe\/wp-content\/uploads\/2023\/03\/7df9ba13-34cb-4456-be24-4dc612a284ce-150x150.jpg 150w, https:\/\/mundodelcafe.com.pe\/wp-content\/uploads\/2023\/03\/7df9ba13-34cb-4456-be24-4dc612a284ce-300x300.jpg 300w, https:\/\/mundodelcafe.com.pe\/wp-content\/uploads\/2023\/03\/7df9ba13-34cb-4456-be24-4dc612a284ce-100x100.jpg 100w, https:\/\/mundodelcafe.com.pe\/wp-content\/uploads\/2023\/03\/7df9ba13-34cb-4456-be24-4dc612a284ce.jpg 429w\" sizes=\"auto, (max-width: 150px) 100vw, 150px\" \/>\t\t\t\t\t\t\t\t\t\t\t\t\t\t\t<\/div>\n\t\t\t\t<\/div>\n\t\t\t\t\t<\/div>\n\t\t<\/div>\n\t\t\t\t<div class=\"elementor-column elementor-col-25 elementor-top-column elementor-element elementor-element-f0da5f9\" data-id=\"f0da5f9\" data-element_type=\"column\">\n\t\t\t<div class=\"elementor-widget-wrap elementor-element-populated\">\n\t\t\t\t\t\t\t\t<div class=\"elementor-element elementor-element-d4430c3 elementor-widget elementor-widget-image\" data-id=\"d4430c3\" data-element_type=\"widget\" data-widget_type=\"image.default\">\n\t\t\t\t<div class=\"elementor-widget-container\">\n\t\t\t\t\t\t\t\t\t\t\t\t\t\t\t<img loading=\"lazy\" decoding=\"async\" width=\"150\" height=\"150\" src=\"https:\/\/mundodelcafe.com.pe\/wp-content\/uploads\/2023\/03\/ad3ada66-e108-4091-bf9e-ed9a68dfc526-150x150.jpg\" class=\"attachment-thumbnail size-thumbnail wp-image-6176\" alt=\"\" srcset=\"https:\/\/mundodelcafe.com.pe\/wp-content\/uploads\/2023\/03\/ad3ada66-e108-4091-bf9e-ed9a68dfc526-150x150.jpg 150w, https:\/\/mundodelcafe.com.pe\/wp-content\/uploads\/2023\/03\/ad3ada66-e108-4091-bf9e-ed9a68dfc526-300x300.jpg 300w, https:\/\/mundodelcafe.com.pe\/wp-content\/uploads\/2023\/03\/ad3ada66-e108-4091-bf9e-ed9a68dfc526-100x100.jpg 100w, https:\/\/mundodelcafe.com.pe\/wp-content\/uploads\/2023\/03\/ad3ada66-e108-4091-bf9e-ed9a68dfc526.jpg 600w\" sizes=\"auto, (max-width: 150px) 100vw, 150px\" \/>\t\t\t\t\t\t\t\t\t\t\t\t\t\t\t<\/div>\n\t\t\t\t<\/div>\n\t\t\t\t\t<\/div>\n\t\t<\/div>\n\t\t\t\t<div class=\"elementor-column elementor-col-25 elementor-top-column elementor-element elementor-element-983bd8a\" data-id=\"983bd8a\" data-element_type=\"column\">\n\t\t\t<div class=\"elementor-widget-wrap elementor-element-populated\">\n\t\t\t\t\t\t\t\t<div class=\"elementor-element elementor-element-fa77c66 elementor-widget elementor-widget-image\" data-id=\"fa77c66\" data-element_type=\"widget\" data-widget_type=\"image.default\">\n\t\t\t\t<div class=\"elementor-widget-container\">\n\t\t\t\t\t\t\t\t\t\t\t\t\t\t\t<img loading=\"lazy\" decoding=\"async\" width=\"150\" height=\"150\" src=\"https:\/\/mundodelcafe.com.pe\/wp-content\/uploads\/2023\/03\/8cea695f-82e4-4862-8e6f-0f5fd7291303-150x150.jpg\" class=\"attachment-thumbnail size-thumbnail wp-image-6178\" alt=\"\" srcset=\"https:\/\/mundodelcafe.com.pe\/wp-content\/uploads\/2023\/03\/8cea695f-82e4-4862-8e6f-0f5fd7291303-150x150.jpg 150w, https:\/\/mundodelcafe.com.pe\/wp-content\/uploads\/2023\/03\/8cea695f-82e4-4862-8e6f-0f5fd7291303-300x300.jpg 300w, https:\/\/mundodelcafe.com.pe\/wp-content\/uploads\/2023\/03\/8cea695f-82e4-4862-8e6f-0f5fd7291303-1024x1024.jpg 1024w, https:\/\/mundodelcafe.com.pe\/wp-content\/uploads\/2023\/03\/8cea695f-82e4-4862-8e6f-0f5fd7291303-768x768.jpg 768w, https:\/\/mundodelcafe.com.pe\/wp-content\/uploads\/2023\/03\/8cea695f-82e4-4862-8e6f-0f5fd7291303-1536x1536.jpg 1536w, https:\/\/mundodelcafe.com.pe\/wp-content\/uploads\/2023\/03\/8cea695f-82e4-4862-8e6f-0f5fd7291303-600x600.jpg 600w, https:\/\/mundodelcafe.com.pe\/wp-content\/uploads\/2023\/03\/8cea695f-82e4-4862-8e6f-0f5fd7291303-100x100.jpg 100w, https:\/\/mundodelcafe.com.pe\/wp-content\/uploads\/2023\/03\/8cea695f-82e4-4862-8e6f-0f5fd7291303.jpg 1600w\" sizes=\"auto, (max-width: 150px) 100vw, 150px\" \/>\t\t\t\t\t\t\t\t\t\t\t\t\t\t\t<\/div>\n\t\t\t\t<\/div>\n\t\t\t\t\t<\/div>\n\t\t<\/div>\n\t\t\t\t<div class=\"elementor-column elementor-col-25 elementor-top-column elementor-element elementor-element-8ba1065\" data-id=\"8ba1065\" data-element_type=\"column\">\n\t\t\t<div class=\"elementor-widget-wrap elementor-element-populated\">\n\t\t\t\t\t\t\t\t<div class=\"elementor-element elementor-element-c92c0c3 elementor-widget elementor-widget-image\" data-id=\"c92c0c3\" data-element_type=\"widget\" data-widget_type=\"image.default\">\n\t\t\t\t<div class=\"elementor-widget-container\">\n\t\t\t\t\t\t\t\t\t\t\t\t\t\t\t<img loading=\"lazy\" decoding=\"async\" width=\"150\" height=\"150\" src=\"https:\/\/mundodelcafe.com.pe\/wp-content\/uploads\/2023\/03\/621f7409-ee74-47c3-b9f3-988a4a901286-1-150x150.jpg\" class=\"attachment-thumbnail size-thumbnail wp-image-6182\" alt=\"\" srcset=\"https:\/\/mundodelcafe.com.pe\/wp-content\/uploads\/2023\/03\/621f7409-ee74-47c3-b9f3-988a4a901286-1-150x150.jpg 150w, https:\/\/mundodelcafe.com.pe\/wp-content\/uploads\/2023\/03\/621f7409-ee74-47c3-b9f3-988a4a901286-1-300x300.jpg 300w, https:\/\/mundodelcafe.com.pe\/wp-content\/uploads\/2023\/03\/621f7409-ee74-47c3-b9f3-988a4a901286-1-1024x1024.jpg 1024w, https:\/\/mundodelcafe.com.pe\/wp-content\/uploads\/2023\/03\/621f7409-ee74-47c3-b9f3-988a4a901286-1-768x768.jpg 768w, https:\/\/mundodelcafe.com.pe\/wp-content\/uploads\/2023\/03\/621f7409-ee74-47c3-b9f3-988a4a901286-1-1536x1536.jpg 1536w, https:\/\/mundodelcafe.com.pe\/wp-content\/uploads\/2023\/03\/621f7409-ee74-47c3-b9f3-988a4a901286-1-600x600.jpg 600w, https:\/\/mundodelcafe.com.pe\/wp-content\/uploads\/2023\/03\/621f7409-ee74-47c3-b9f3-988a4a901286-1-100x100.jpg 100w, https:\/\/mundodelcafe.com.pe\/wp-content\/uploads\/2023\/03\/621f7409-ee74-47c3-b9f3-988a4a901286-1.jpg 1600w\" sizes=\"auto, (max-width: 150px) 100vw, 150px\" \/>\t\t\t\t\t\t\t\t\t\t\t\t\t\t\t<\/div>\n\t\t\t\t<\/div>\n\t\t\t\t\t<\/div>\n\t\t<\/div>\n\t\t\t\t\t\t\t<\/div>\n\t\t<\/section>\n\t\t\t\t\t\t\t<\/div>\n\t\t","protected":false},"excerpt":{"rendered":"<p>SOBRE NOSOTROS Somos Mundo del Caf\u00e9, una empresa que reconoce la ardua labor de las familias productoras de verdaderos caf\u00e9s de especialidad, pretendiendo construir los caf\u00e9s de origen de todas las regiones del Per\u00fa; promoviendo la cultura cafetera en nuestro &hellip; <a href=\"https:\/\/mundodelcafe.com.pe\/index.php\/elementor-6369\/\">Readmore<\/a><\/p>\n","protected":false},"author":1,"featured_media":0,"parent":0,"menu_order":0,"comment_status":"closed","ping_status":"closed","template":"","meta":{"footnotes":""},"class_list":["post-6369","page","type-page","status-publish","hentry"],"_links":{"self":[{"href":"https:\/\/mundodelcafe.com.pe\/index.php\/wp-json\/wp\/v2\/pages\/6369","targetHints":{"allow":["GET"]}}],"collection":[{"href":"https:\/\/mundodelcafe.com.pe\/index.php\/wp-json\/wp\/v2\/pages"}],"about":[{"href":"https:\/\/mundodelcafe.com.pe\/index.php\/wp-json\/wp\/v2\/types\/page"}],"author":[{"embeddable":true,"href":"https:\/\/mundodelcafe.com.pe\/index.php\/wp-json\/wp\/v2\/users\/1"}],"replies":[{"embeddable":true,"href":"https:\/\/mundodelcafe.com.pe\/index.php\/wp-json\/wp\/v2\/comments?post=6369"}],"version-history":[{"count":31,"href":"https:\/\/mundodelcafe.com.pe\/index.php\/wp-json\/wp\/v2\/pages\/6369\/revisions"}],"predecessor-version":[{"id":6923,"href":"https:\/\/mundodelcafe.com.pe\/index.php\/wp-json\/wp\/v2\/pages\/6369\/revisions\/6923"}],"wp:attachment":[{"href":"https:\/\/mundodelcafe.com.pe\/index.php\/wp-json\/wp\/v2\/media?parent=6369"}],"curies":[{"name":"wp","href":"https:\/\/api.w.org\/{rel}","templated":true}]}}