{"id":5858,"date":"2022-09-22T21:34:29","date_gmt":"2022-09-22T21:34:29","guid":{"rendered":"https:\/\/mundodelcafe.com.pe\/?post_type=product&#038;p=5858"},"modified":"2024-01-26T16:30:28","modified_gmt":"2024-01-26T16:30:28","slug":"prensa-francesa-800-ml","status":"publish","type":"product","link":"https:\/\/mundodelcafe.com.pe\/index.php\/product\/prensa-francesa-800-ml\/","title":{"rendered":"Prensa Francesa 800 ML"},"content":{"rendered":"<p>La prensa francesa de 800 ml es el m\u00e9todo perfecto para un caf\u00e9 r\u00e1pido y f\u00e1cil. No necesitas ser un experto barista para preparar un buen caf\u00e9 con esta prensa.<br \/>\nEl dise\u00f1o de la prensa es simple y f\u00e1cil de usar, incluso para los principiantes.La tapa de bamb\u00fa ecol\u00f3gico es un toque perfecto para el medio ambiente.<\/p>\n","protected":false},"excerpt":{"rendered":"<p>La prensa francesa de 800 ml es el m\u00e9todo perfecto para un caf\u00e9 r\u00e1pido y f\u00e1cil. No necesitas ser un experto barista para preparar un buen caf\u00e9 con esta prensa.<br \/>\nEl dise\u00f1o de la prensa es simple y f\u00e1cil de usar, incluso para los principiantes.La tapa de bamb\u00fa ecol\u00f3gico es un toque perfecto para el medio ambiente.<\/p>\n","protected":false},"featured_media":6219,"comment_status":"open","ping_status":"closed","template":"","meta":[],"product_cat":[243],"product_tag":[267,248],"class_list":["post-5858","product","type-product","status-publish","has-post-thumbnail","hentry","product_cat-prensas-francesas","product_tag-prensa-de-cafe","product_tag-prensa-francesa"],"_links":{"self":[{"href":"https:\/\/mundodelcafe.com.pe\/index.php\/wp-json\/wp\/v2\/product\/5858","targetHints":{"allow":["GET"]}}],"collection":[{"href":"https:\/\/mundodelcafe.com.pe\/index.php\/wp-json\/wp\/v2\/product"}],"about":[{"href":"https:\/\/mundodelcafe.com.pe\/index.php\/wp-json\/wp\/v2\/types\/product"}],"replies":[{"embeddable":true,"href":"https:\/\/mundodelcafe.com.pe\/index.php\/wp-json\/wp\/v2\/comments?post=5858"}],"wp:featuredmedia":[{"embeddable":true,"href":"https:\/\/mundodelcafe.com.pe\/index.php\/wp-json\/wp\/v2\/media\/6219"}],"wp:attachment":[{"href":"https:\/\/mundodelcafe.com.pe\/index.php\/wp-json\/wp\/v2\/media?parent=5858"}],"wp:term":[{"taxonomy":"product_cat","embeddable":true,"href":"https:\/\/mundodelcafe.com.pe\/index.php\/wp-json\/wp\/v2\/product_cat?post=5858"},{"taxonomy":"product_tag","embeddable":true,"href":"https:\/\/mundodelcafe.com.pe\/index.php\/wp-json\/wp\/v2\/product_tag?post=5858"}],"curies":[{"name":"wp","href":"https:\/\/api.w.org\/{rel}","templated":true}]}}

<p>La prensa francesa de 800 ml es el método perfecto para un café rápido y fácil. No necesitas ser un experto barista para preparar un buen café con esta prensa.<br />
El diseño de la prensa es simple y fácil de usar, incluso para los principiantes.La tapa de bambú ecológico es un toque perfecto para el medio ambiente.</p>
