{"id":6170,"date":"2023-03-20T12:47:51","date_gmt":"2023-03-20T12:47:51","guid":{"rendered":"https:\/\/mundodelcafe.com.pe\/?post_type=product&#038;p=6170"},"modified":"2024-01-26T16:50:43","modified_gmt":"2024-01-26T16:50:43","slug":"miel-organico-de-250-gr","status":"publish","type":"product","link":"https:\/\/mundodelcafe.com.pe\/index.php\/product\/miel-organico-de-250-gr\/","title":{"rendered":"Miel Org\u00e1nico de 250 gr"},"content":{"rendered":"<p>Es Miel Multifloral que cuenta con todas la medidas sanitarias de procesamiento y envasado, adem\u00e1s es pasteurizada para garantizar su conservaci\u00f3n del producto. Es producidos por los peque\u00f1os agricultores de la Provincia de Sandia \u2013 Puno.<\/p>\n","protected":false},"excerpt":{"rendered":"<p>Es Miel Multifloral que cuenta con todas la medidas sanitarias de procesamiento y envasado, adem\u00e1s es pasteurizada para garantizar su conservaci\u00f3n del producto. Es producidos por los peque\u00f1os agricultores de la Provincia de Sandia \u2013 Puno.<\/p>\n","protected":false},"featured_media":6206,"comment_status":"open","ping_status":"closed","template":"","meta":[],"product_cat":[288],"product_tag":[],"class_list":["post-6170","product","type-product","status-publish","has-post-thumbnail","hentry","product_cat-endulzantes-organicos"],"_links":{"self":[{"href":"https:\/\/mundodelcafe.com.pe\/index.php\/wp-json\/wp\/v2\/product\/6170","targetHints":{"allow":["GET"]}}],"collection":[{"href":"https:\/\/mundodelcafe.com.pe\/index.php\/wp-json\/wp\/v2\/product"}],"about":[{"href":"https:\/\/mundodelcafe.com.pe\/index.php\/wp-json\/wp\/v2\/types\/product"}],"replies":[{"embeddable":true,"href":"https:\/\/mundodelcafe.com.pe\/index.php\/wp-json\/wp\/v2\/comments?post=6170"}],"wp:featuredmedia":[{"embeddable":true,"href":"https:\/\/mundodelcafe.com.pe\/index.php\/wp-json\/wp\/v2\/media\/6206"}],"wp:attachment":[{"href":"https:\/\/mundodelcafe.com.pe\/index.php\/wp-json\/wp\/v2\/media?parent=6170"}],"wp:term":[{"taxonomy":"product_cat","embeddable":true,"href":"https:\/\/mundodelcafe.com.pe\/index.php\/wp-json\/wp\/v2\/product_cat?post=6170"},{"taxonomy":"product_tag","embeddable":true,"href":"https:\/\/mundodelcafe.com.pe\/index.php\/wp-json\/wp\/v2\/product_tag?post=6170"}],"curies":[{"name":"wp","href":"https:\/\/api.w.org\/{rel}","templated":true}]}}