{"id":6186,"date":"2023-03-21T21:17:17","date_gmt":"2023-03-21T21:17:17","guid":{"rendered":"https:\/\/mundodelcafe.com.pe\/?post_type=product&#038;p=6186"},"modified":"2024-12-08T19:02:02","modified_gmt":"2024-12-08T19:02:02","slug":"pasta-de-cacao-100-de-100-gr","status":"publish","type":"product","link":"https:\/\/mundodelcafe.com.pe\/index.php\/product\/pasta-de-cacao-100-de-100-gr\/","title":{"rendered":"Pasta de Cacao 100% de 100 gr."},"content":{"rendered":"<p>Granos de Cacao fino de aroma con certificaci\u00f3n org\u00e1nica y comercio justo producidos por peque\u00f1os productores(as) organizados de las comunidades nativas; TEOR\u00cdA, PALESTINA Y SAN ANTONIO SONOMORO del distrito de Pangoa provincia de SATIPO &#8211; JUNIN, Amantes del buen Cacao<\/p>\n","protected":false},"excerpt":{"rendered":"<p>Granos de Cacao fino de aroma con certificaci\u00f3n org\u00e1nica y comercio justo producidos por peque\u00f1os productores(as) organizados de las comunidades nativas; TEOR\u00cdA, PALESTINA Y SAN ANTONIO SONOMORO del distrito de Pangoa provincia de SATIPO &#8211; JUNIN, Amantes del buen Cacao<\/p>\n","protected":false},"featured_media":6211,"comment_status":"open","ping_status":"closed","template":"","meta":[],"product_cat":[290],"product_tag":[],"class_list":["post-6186","product","type-product","status-publish","has-post-thumbnail","hentry","product_cat-cacao-especiales"],"_links":{"self":[{"href":"https:\/\/mundodelcafe.com.pe\/index.php\/wp-json\/wp\/v2\/product\/6186","targetHints":{"allow":["GET"]}}],"collection":[{"href":"https:\/\/mundodelcafe.com.pe\/index.php\/wp-json\/wp\/v2\/product"}],"about":[{"href":"https:\/\/mundodelcafe.com.pe\/index.php\/wp-json\/wp\/v2\/types\/product"}],"replies":[{"embeddable":true,"href":"https:\/\/mundodelcafe.com.pe\/index.php\/wp-json\/wp\/v2\/comments?post=6186"}],"wp:featuredmedia":[{"embeddable":true,"href":"https:\/\/mundodelcafe.com.pe\/index.php\/wp-json\/wp\/v2\/media\/6211"}],"wp:attachment":[{"href":"https:\/\/mundodelcafe.com.pe\/index.php\/wp-json\/wp\/v2\/media?parent=6186"}],"wp:term":[{"taxonomy":"product_cat","embeddable":true,"href":"https:\/\/mundodelcafe.com.pe\/index.php\/wp-json\/wp\/v2\/product_cat?post=6186"},{"taxonomy":"product_tag","embeddable":true,"href":"https:\/\/mundodelcafe.com.pe\/index.php\/wp-json\/wp\/v2\/product_tag?post=6186"}],"curies":[{"name":"wp","href":"https:\/\/api.w.org\/{rel}","templated":true}]}}