{"id":6339,"date":"2023-06-15T14:32:21","date_gmt":"2023-06-15T14:32:21","guid":{"rendered":"https:\/\/mundodelcafe.com.pe\/?post_type=product&#038;p=6339"},"modified":"2024-01-26T16:51:39","modified_gmt":"2024-01-26T16:51:39","slug":"panela-origen-esquilaya-500-g","status":"publish","type":"product","link":"https:\/\/mundodelcafe.com.pe\/index.php\/product\/panela-origen-esquilaya-500-g\/","title":{"rendered":"Panela &#8211; Origen Esquilaya 500 G."},"content":{"rendered":"<p>Es un\u00a0<b>az\u00facar muy artesanal y con muy poca transformaci\u00f3n<\/b>. La panela se considera un alimento que adem\u00e1s de sacarosa, presenta significativos contenidos de glucosa, fructosa, prote\u00ednas, minerales (como calcio, hierro, cobre y f\u00f3sforo) y vitaminas como el \u00e1cido asc\u00f3rbico y complejo B.<\/p>\n","protected":false},"excerpt":{"rendered":"<p>Es un\u00a0az\u00facar muy artesanal y con muy poca transformaci\u00f3n. La panela se considera un alimento que adem\u00e1s de sacarosa, presenta significativos contenidos de glucosa, fructosa, prote\u00ednas, minerales (como calcio, hierro, cobre y f\u00f3sforo) y vitaminas como el \u00e1cido asc\u00f3rbico y &hellip; <a href=\"https:\/\/mundodelcafe.com.pe\/index.php\/product\/panela-origen-esquilaya-500-g\/\">Readmore<\/a><\/p>\n","protected":false},"featured_media":6340,"comment_status":"open","ping_status":"closed","template":"","meta":[],"product_cat":[288],"product_tag":[],"class_list":["post-6339","product","type-product","status-publish","has-post-thumbnail","hentry","product_cat-endulzantes-organicos"],"_links":{"self":[{"href":"https:\/\/mundodelcafe.com.pe\/index.php\/wp-json\/wp\/v2\/product\/6339","targetHints":{"allow":["GET"]}}],"collection":[{"href":"https:\/\/mundodelcafe.com.pe\/index.php\/wp-json\/wp\/v2\/product"}],"about":[{"href":"https:\/\/mundodelcafe.com.pe\/index.php\/wp-json\/wp\/v2\/types\/product"}],"replies":[{"embeddable":true,"href":"https:\/\/mundodelcafe.com.pe\/index.php\/wp-json\/wp\/v2\/comments?post=6339"}],"wp:featuredmedia":[{"embeddable":true,"href":"https:\/\/mundodelcafe.com.pe\/index.php\/wp-json\/wp\/v2\/media\/6340"}],"wp:attachment":[{"href":"https:\/\/mundodelcafe.com.pe\/index.php\/wp-json\/wp\/v2\/media?parent=6339"}],"wp:term":[{"taxonomy":"product_cat","embeddable":true,"href":"https:\/\/mundodelcafe.com.pe\/index.php\/wp-json\/wp\/v2\/product_cat?post=6339"},{"taxonomy":"product_tag","embeddable":true,"href":"https:\/\/mundodelcafe.com.pe\/index.php\/wp-json\/wp\/v2\/product_tag?post=6339"}],"curies":[{"name":"wp","href":"https:\/\/api.w.org\/{rel}","templated":true}]}}

<p>Es un <b>azúcar muy artesanal y con muy poca transformación</b>. La panela se considera un alimento que además de sacarosa, presenta significativos contenidos de glucosa, fructosa, proteínas, minerales (como calcio, hierro, cobre y fósforo) y vitaminas como el ácido ascórbico y complejo B.</p>

<p>Es un azúcar muy artesanal y con muy poca transformación. La panela se considera un alimento que además de sacarosa, presenta significativos contenidos de glucosa, fructosa, proteínas, minerales (como calcio, hierro, cobre y fósforo) y vitaminas como el ácido ascórbico y &hellip; <a href="https://mundodelcafe.com.pe/index.php/product/panela-origen-esquilaya-500-g/">Readmore</a></p>
